 remainder when 2203 is divided by 29.
28
What is the remainder when 1704 is divided by 61?
57
Calculate the remainder when 141 is divided by 3.
0
What is the remainder when 1214 is divided by 31?
5
Calculate the remainder when 7946 is divided by 882.
8
What is the remainder when 912 is divided by 386?
140
Calculate the remainder when 127 is divided by 26.
23
What is the remainder when 641 is divided by 206?
23
What is the remainder when 3534 is divided by 43?
8
Calculate the remainder when 84 is divided by 35.
14
Calculate the remainder when 78 is divided by 22.
12
Calculate the remainder when 151 is divided by 63.
25
Calculate the remainder when 426 is divided by 4.
2
What is the remainder when 456 is divided by 156?
144
Calculate the remainder when 400 is divided by 101.
97
Calculate the remainder when 306 is divided by 100.
6
What is the remainder when 237 is divided by 7?
6
Calculate the remainder when 346 is divided by 33.
16
What is the remainder when 10284 is divided by 219?
210
What is the remainder when 217 is divided by 102?
13
What is the remainder when 81 is divided by 37?
7
Calculate the remainder when 182 is divided by 88.
6
What is the remainder when 1673 is divided by 25?
23
What is the remainder when 1916 is divided by 44?
24
What is the remainder when 5365 is divided by 13?
9
Calculate the remainder when 44 is divided by 4.
0
What is the remainder when 149 is divided by 38?
35
Calculate the remainder when 794 is divided by 57.
53
Calculate the remainder when 631 is divided by 126.
1
Calculate the remainder when 11 is divided by 8.
3
Calculate the remainder when 126 is divided by 20.
6
What is the remainder when 647 is divided by 13?
10
Calculate the remainder when 2076 is divided by 99.
96
Calculate the remainder when 162 is divided by 43.
33
Calculate the remainder when 212 is divided by 43.
40
Calculate the remainder when 332 is divided by 43.
31
What is the remainder when 1251 is divided by 45?
36
Calculate the remainder when 729 is divided by 728.
1
Calculate the remainder when 91 is divided by 30.
1
What is the remainder when 363 is divided by 23?
18
What is the remainder when 46 is divided by 15?
1
Calculate the remainder when 1373 is divided by 280.
253
What is the remainder when 141 is divided by 29?
25
What is the remainder when 211 is divided by 42?
1
Calculate the remainder when 84 is divided by 18.
12
Calculate the remainder when 3694 is divided by 24.
22
Calculate the remainder when 318 is divided by 82.
72
Calculate the remainder when 189 is divided by 96.
93
Calculate the remainder when 459 is divided by 39.
30
What is the remainder when 1974 is divided by 19?
17
What is the remainder when 669 is divided by 24?
21
What is the remainder when 1405 is divided by 88?
85
Calculate the remainder when 44 is divided by 9.
8
What is the remainder when 254 is divided by 17?
16
What is the remainder when 99 is divided by 13?
8
Calculate the remainder when 1871 is divided by 26.
25
Calculate the remainder when 43 is divided by 43.
0
What is the remainder when 2317 is divided by 574?
21
What is the remainder when 257 is divided by 39?
23
What is the remainder when 1179 is divided by 588?
3
What is the remainder when 83 is divided by 53?
30
Calculate the remainder when 645 is divided by 34.
33
What is the remainder when 7436 is divided by 60?
56
What is the remainder when 25 is divided by 7?
4
Calculate the remainder when 406 is divided by 4.
2
Calculate the remainder when 508 is divided by 73.
70
Calculate the remainder when 1719 is divided by 75.
69
What is the remainder when 91 is divided by 86?
5
Calculate the remainder when 6038 is divided by 151.
149
Calculate the remainder when 106 is divided by 16.
10
What is the remainder when 46 is divided by 10?
6
What is the remainder when 3269 is divided by 156?
149
Calculate the remainder when 155 is divided by 39.
38
Calculate the remainder when 648 is divided by 502.
146
Calculate the remainder when 124 is divided by 14.
12
What is the remainder when 2373 is divided by 72?
69
Calculate the remainder when 5828 is divided by 53.
51
What is the remainder when 342 is divided by 108?
18
What is the remainder when 761 is divided by 15?
11
What is the remainder when 3131 is divided by 55?
51
What is the remainder when 346 is divided by 70?
66
Calculate the remainder when 1383 is divided by 87.
78
What is the remainder when 4276 is divided by 31?
29
What is the remainder when 51 is divided by 15?
6
Calculate the remainder when 72 is divided by 4.
0
Calculate the remainder when 148 is divided by 69.
10
Calculate the remainder when 778 is divided by 769.
9
Calculate the remainder when 271 is divided by 55.
51
What is the remainder when 4370 is divided by 31?
30
Calculate the remainder when 1646 is divided by 30.
26
What is the remainder when 157 is divided by 68?
21
Calculate the remainder when 783 is divided by 384.
15
Calculate the remainder when 185 is divided by 75.
35
Calculate the remainder when 793 is divided by 19.
14
What is the remainder when 2022 is divided by 85?
67
What is the remainder when 54 is divided by 8?
6
What is the remainder when 296 is divided by 33?
32
What is the remainder when 6730 is divided by 187?
185
What is the remainder when 14 is divided by 7?
0
Calculate the remainder when 185 is divided by 47.
44
What is the remainder when 2249 is divided by 72?
17
Calculate the remainder when 866 is divided by 174.
170
What is the remainder when 378 is divided by 55?
48
Calculate the remainder when 1919 is divided by 19.
0
Calculate the remainder when 28 is divided by 4.
0
What is the remainder when 1540 is divided by 384?
4
Calculate the remainder when 316 is divided by 57.
31
What is the remainder when 90 is divided by 51?
39
Calculate the remainder when 5718 is divided by 3.
0
What is the remainder when 50 is divided by 33?
17
Calculate the remainder when 175 is divided by 65.
45
What is the remainder when 103 is divided by 43?
17
What is the remainder when 86 is divided by 24?
14
Calculate the remainder when 389 is divided by 78.
77
What is the remainder when 292 is divided by 52?
32
What is the remainder when 453 is divided by 220?
13
What is the remainder when 3174 is divided by 632?
14
Calculate the remainder when 164 is divided by 17.
11
What is the remainder when 70 is divided by 24?
22
What is the remainder when 402 is divided by 12?
6
Calculate the remainder when 328 is divided by 156.
16
Calculate the remainder when 2813 is divided by 21.
20
Calculate the remainder when 12501 is divided by 205.
201
What is the remainder when 2199 is divided by 10?
9
What is the remainder when 308 is divided by 27?
11
What is the remainder when 163 is divided by 37?
15
What is the remainder when 1142 is divided by 43?
24
Calculate the remainder when 1022 is divided by 27.
23
What is the remainder when 162 is divided by 43?
33
Calculate the remainder when 765 is divided by 16.
13
Calculate the remainder when 547 is divided by 33.
19
What is the remainder when 70 is divided by 29?
12
What is the remainder when 253 is divided by 27?
10
Calculate the remainder when 637 is divided by 22.
21
Calculate the remainder when 142 is divided by 33.
10
What is the remainder when 130 is divided by 34?
28
What is the remainder when 420 is divided by 34?
12
What is the remainder when 458 is divided by 117?
107
Calculate the remainder when 1048 is divided by 34.
28
What is the remainder when 1006 is divided by 42?
40
What is the remainder when 214 is divided by 43?
42
What is the remainder when 772 is divided by 43?
41
What is the remainder when 79 is divided by 33?
13
Calculate the remainder when 50 is divided by 20.
10
What is the remainder when 1980 is divided by 488?
28
Calculate the remainder when 592 is divided by 184.
40
Calculate the remainder when 212 is divided by 19.
3
What is the remainder when 57 is divided by 15?
12
Calculate the remainder when 3538 is divided by 12.
10
Calculate the remainder when 168 is divided by 52.
12
What is the remainder when 2132 is divided by 89?
85
Calculate the remainder when 452 is divided by 12.
8
Calculate the remainder when 1076 is divided by 45.
41
What is the remainder when 12590 is divided by 55?
50
Calculate the remainder when 772 is 